f 19?
False
Does 11 divide 34089?
True
Is 450013 a multiple of 15?
False
Does 46 divide 354292?
True
Does 3 divide 43904?
False
Is 2240317 a multiple of 70?
False
Is 344919 a multiple of 12?
False
Does 31 divide 2498476?
True
Is 312494 a multiple of 10?
False
Is 7390 a multiple of 151?
False
Is 384 a factor of 2923597?
False
Is 35560 a multiple of 9?
False
Is 78 a factor of 528528?
True
Does 159 divide 48001?
False
Does 111 divide 2272947?
True
Does 54 divide 17564?
False
Is 8 a factor of 100374?
False
Is 4773236 a multiple of 92?
True
Is 59 a factor of 64118?
False
Is 564 a factor of 418488?
True
Is 7590772 a multiple of 83?
False
Does 437 divide 332517?
False
Does 129 divide 46872?
False
Does 6 divide 1039734?
True
Is 3713752 a multiple of 56?
True
Is 327377 a multiple of 22?
False
Is 61 a factor of 104293?
False
Is 19 a factor of 285953?
False
Is 33 a factor of 153450?
True
Does 81 divide 192744?
False
Does 9 divide 9312?
False
Does 7 divide 56762?
False
Is 1700548 a multiple of 121?
False
Does 2 divide 875?
False
Is 20704 a multiple of 2?
True
Does 21 divide 252987?
True
Does 8 divide 492016?
True
Is 22563 a multiple of 109?
True
Does 3 divide 343952?
False
Is 13 a factor of 252094?
False
Is 65 a factor of 175695?
True
Is 36 a factor of 18396288?
True
Does 23 divide 24748?
True
Does 38 divide 3862971?
False
Is 41 a factor of 211224?
False
Is 23 a factor of 4725396?
True
Is 3567887 even?
False
Is 927 a factor of 3452510?
False
Is 1432 a factor of 9156208?
True
Is 31677 a multiple of 171?
False
Does 50 divide 4535300?
True
Is 368320 a multiple of 16?
True
Is 813 a factor of 334956?
True
Is 336410 a multiple of 296?
False
Is 18676 a multiple of 161?
True
Is 15207348 a multiple of 213?
True
Does 36 divide 42841?
False
Is 199 a factor of 133728?
True
Does 265 divide 1436830?
True
Is 40610 a multiple of 31?
True
Does 22 divide 1684716?
True
Does 4 divide 11706?
False
Is 17 a factor of 10281245?
False
Does 46 divide 317448?
False
Is 18693098 a multiple of 208?
False
Is 203930 a multiple of 13?
False
Is 1679249 a multiple of 32?
False
Is 22082 a multiple of 56?
False
Is 5592834 a multiple of 78?
True
Is 79 a factor of 13825?
True
Is 70030 a multiple of 110?
False
Is 60 a factor of 2452620?
True
Is 3274278 a multiple of 14?
True
Is 154 a factor of 946484?
True
Does 619 divide 2818307?
True
Is 447698 a multiple of 12?
False
Is 124340 a multiple of 7?
False
Is 355849 a multiple of 403?
True
Does 114 divide 28500?
True
Is 56862 a multiple of 54?
True
Is 335790 a multiple of 65?
True
Is 27 a factor of 25380?
True
Is 5 a factor of 688074?
False
Is 145893 a multiple of 16?
False
Does 10 divide 847380?
True
Does 23 divide 75711?
False
Is 12477736 a multiple of 908?
True
Is 14726442 a multiple of 20?
False
Is 95 a factor of 594942?
False
Is 188078 a multiple of 37?
False
Does 271 divide 173711?
True
Is 560120 a multiple of 29?
False
Is 3470698 a multiple of 682?
True
Is 644 a factor of 1743308?
True
Does 4 divide 248778?
False
Does 392 divide 97998?
False
Is 5598585 a multiple of 31?
False
Is 573 a factor of 249691?
False
Does 4 divide 73356?
True
Does 322 divide 526148?
True
Is 390 a factor of 277680?
True
Is 3389 even?
False
Does 190 divide 5809565?
False
Does 15 divide 442935?
True
Does 14 divide 1548795?
False
Is 359244 a multiple of 36?
True
Is 169 a factor of 304200?
True
Is 44319 a multiple of 63?
False
Does 132 divide 901692?
True
Is 1218087 a multiple of 24?
False
Is 927713 a multiple of 21?
False
Is 104490 a multiple of 54?
True
Is 160 a factor of 127680?
True
Is 224179 a multiple of 39?
False
Is 1654704 a multiple of 6?
True
Does 9 divide 25373454?
False
Does 57 divide 239058?
True
Is 115047 a multiple of 105?
False
Does 465 divide 154258?
False
Does 15 divide 706755?
True
Is 4541 a multiple of 6?
False
Is 3 a factor of 3907627?
False
Is 2458976 a multiple of 330?
False
Is 179197 a multiple of 127?
True
Is 1415985 a multiple of 15?
True
Is 35 a factor of 266560?
True
Is 120741 a multiple of 167?
True
Is 23 a factor of 10283285?
False
Is 17 a factor of 906250?
False
Is 24658696 a multiple of 13?
False
Is 169 a factor of 13695?
False
Is 5774018 a multiple of 932?
False
Does 8 divide 1042584?
True
Is 3991572 a multiple of 108?
True
Does 70 divide 254170?
True
Does 9 divide 92711?
False
Does 106 divide 16796336?
True
Is 2288799 a multiple of 34?
False
Is 3 a factor of 93867?
True
Does 28 divide 4684489?
False
Does 2 divide 287225?
False
Is 6485513 a multiple of 409?
True
Does 4 divide 34445?
False
Does 16 divide 3538320?
True
Does 24 divide 1891272?
True
Does 13 divide 219362?
True
Is 1058860 a multiple of 20?
True
Is 2078736 a multiple of 496?
True
Is 14 a factor of 52052?
True
Is 164 a factor of 348664?
True
Is 2550361 a multiple of 663?
False
Is 4010255 a multiple of 54?
False
Does 24 divide 600827?
False
Does 30 divide 7847490?
True
Is 87758 a multiple of 13?
False
Is 2061 a multiple of 11?
False
Is 540352 a multiple of 64?
True
Does 163 divide 237491?
True
Is 2402850 a multiple of 166?
True
Is 5289846 a multiple of 138?
False
Does 145 divide 2879824?
False
Does 23 divide 181365?
False
Is 254068 a multiple of 256?
False
Does 10 divide 1546050?
True
Is 253045 a multiple of 11?
False
Is 319702 a multiple of 251?
False
Is 4325404 a multiple of 22?
False
Is 2577265 a multiple of 111?
False
Does 214 divide 80250?
True
Does 30 divide 263807?
False
Is 298175 a multiple of 92?
False
Does 69 divide 246261?
True
Is 28 a factor of 121765?
False
Is 330 a factor of 782084?
False
Is 110 a factor of 1560570?
True
Is 1284 a factor of 4376976?
False
Is 74650 a multiple of 275?
False
Is 32 a factor of 119040?
True
Is 2351239 a multiple of 37?
True
Is 33 a factor of 487487?
False
Is 54 a factor of 10630008?
True
Is 84 a factor of 1210104?
True
Is 7024995 a multiple of 135?
True
Does 14 divide 46060?
True
Is 139 a factor of 9132022?
True
Is 1181985 a multiple of 386?
False
Does 40 divide 513800?
True
Is 17 a factor of 480732?
False
Is 20 a factor of 795366?
False
Is 71366 a multiple of 10?
False
Does 11 divide 571373?
True
Does 3 divide 142411?
False
Is 2 a factor of 136368?
True
Is 8 a factor of 698928?
True
Is 68 a factor of 3959708?
True
Does 201 divide 1242808?
False
Does 7 divide 233226?
True
Is 301 a factor of 14088004?
True
Is 845131 a multiple of 66?
False
Is 18991 a multiple of 32?
False
Is 17 a factor of 123998?
True
Does 94 divide 35058?
False
Does 302 divide 1159811?
False
Is 627627 a multiple of 847?
True
Is 26 a factor of 1851440?
False
Is 3226910 a multiple of 153?
False
Is 12 a factor of 10734588?
True
Is 76 a factor of 13680?
True
Does 3 divide 27059?
False
Is 16 a factor of 14129436?
False
Is 114 a factor of 5327892?
False
Does 148 divide 10501340?
True
Does 52 divide 9254462?
False
Is 177 a factor of 115050?
True
Is 15 a factor of 157830?
True
Does 62 divide 130599?
False
Is 997244 a multiple of 177?
False
Does 59 divide 162250?
True
Does 247 divide 10514049?
True
Is 39 a factor of 854300?
False
Is 108 a factor of 192888?
True
Is 763670 a multiple of 10?
True
Does 855 divide 1366290?
True
Is 194 a factor of 1297131?
False
Is 2448635 a multiple of 120?
False
Does 32 divide 1413312?
True
Is 1411776 a multiple of 513?
True
Does 19 divide 12094488?
True
Is 3 a factor of 949984?
False
Is 185 a factor of 629000?
True
Does 14 divide 7297?
False
Is 42 a factor of 479702?
False
Does 257 divide 844733?
False
Is 1551 a factor of 10777899?
True
Does 244 divide 1237568?
True
Does 24 divide 59088?
True
Is 7 a factor of 152940?
False
Is 2621 even?
False
Does 6 divide 183582?
True
Is 1675 a factor of 6319784?
False
Is 215079 a multiple of 8?
False
Does 98 divide 27305622?
False
Does 171 divide 3915558?
True
Is 10 a factor of 162680?
True
Does 35 divide 473431?
False
Is 301 a factor of 3913?
True
Is 13434336 a multiple of 438?
True
Does 9 divide 477666?
True
Is 10 a factor of 1840056?
False
Does 92 divide 176114?
False
Does 2 divide 177006?
True
Is 2543762 a multiple of 50?
False
Is 5 a factor of 157314?
False
Does 11 divide 1518825?
True
Is 59 a factor of 1498427?
False
Is 56 a factor of 121352?
True
Is 160186 a multiple of 26?
True
Is 836344 a multiple of 8?
True
Is 35 a factor of 126993?
False
Is 41754 a multiple of 4?
False
Does 103 divide 4435077?
True
